{"id":67,"date":"2013-10-28T16:54:38","date_gmt":"2013-10-28T14:54:38","guid":{"rendered":"http:\/\/www.2013-neu.astro-doerfert.de\/?page_id=67"},"modified":"2025-11-07T12:52:11","modified_gmt":"2025-11-07T10:52:11","slug":"ueber-mich","status":"publish","type":"page","link":"https:\/\/www.astrologie-beratung-berlin.com\/?page_id=67","title":{"rendered":"\u00dcber mich"},"content":{"rendered":"<h2>Petra D\u00f6rfert M.A.<br \/>Gepr\u00fcfte Astrologin des Deutschen Astrologenverbands &#8211; Heilpraktikerin <a href=\"https:\/\/www.astrologie-beratung-berlin.com\/wp-content\/uploads\/2013\/11\/DAV-gepruefte-Astrologin.jpg\"><img loading=\"lazy\" decoding=\"async\" class=\"  wp-image-248 alignright\" src=\"https:\/\/www.astrologie-beratung-berlin.com\/wp-content\/uploads\/2013\/11\/DAV-gepruefte-Astrologin.jpg\" alt=\"Sigel DAV-gepr\u00fcfte Astrologin\" width=\"115\" height=\"115\" srcset=\"https:\/\/www.astrologie-beratung-berlin.com\/wp-content\/uploads\/2013\/11\/DAV-gepruefte-Astrologin.jpg 200w, https:\/\/www.astrologie-beratung-berlin.com\/wp-content\/uploads\/2013\/11\/DAV-gepruefte-Astrologin-150x150.jpg 150w\" sizes=\"auto, (max-width: 115px) 100vw, 115px\" \/><\/a><\/h2>\n<p>Petra Martina D\u00f6rfert, geb. am 3.10.1970 um 12:05 Uhr in Stuttgart\u00a0&#8211; Waage-Sonne mit Sch\u00fctze-Aszendent.<\/p>\n<p>Studium der Germanistik und Kunstgeschichte in Stuttgart und Berlin (Magister Artium).<br \/>Seit 1992 Besch\u00e4ftigung mit der Astrologie.<br \/>Nach Astro-Intensiv-Ausbildung und Beratertraining am Astrologie-Zentrum Berlin seit 2002 beratend und lehrend in eigener Praxis t\u00e4tig, zun\u00e4chst mit Fokus auf Partnerschaft und Beruf.<br \/>Zunehmende Auseinandersetzung mit Astromedizin und alternativen Heilmethoden (Schwerpunkt klassische Hom\u00f6opathie).<br \/>2009 Er\u00f6ffnung der <a title=\"Naturheilpraxis Petra D\u00f6rfert\" href=\"http:\/\/www.astrologie-und-hom\u00f6opathie.de\" target=\"_blank\" rel=\"noopener\">Naturheilpraxis Petra D\u00f6rfert<\/a>.<br \/>2008-2010 Organisation der &#8222;Fachtage Astromedizin&#8220; in Berlin gemeinsam mit HP Birgit B\u00f6hmig, dazu erschienene Vortragsb\u00e4nde: <em>Astromedizin heute &#8211; Ans\u00e4tze und Perspektiven<\/em> und <em>Astromedizin heute 2 &#8211; Astrologie und Therapie<\/em>.<br \/>2011-2016 Leitung der DAV-Sektion &#8222;Medizin und Astrologie&#8220;.<br \/>2011-2023 Mitglied der Pr\u00fcfungskommission, seit 2023 Mitglied der Schlichtungskommission des DAV.<br \/>Seit 2012 private Forschungst\u00e4tigkeit im Bereich Hom\u00f6opathiegeschichte (<a href=\"https:\/\/www.astrologie-und-hom\u00f6opathie.de\/?page_id=1263\" target=\"_blank\" rel=\"noopener\">M\u00e9lanie Hahnemann Projekt<\/a>).<br \/>2019 Gr\u00fcndung des DAV-Ausbildungszentrums <a href=\"https:\/\/online-akademie-astrologie.com\/\" target=\"_blank\" rel=\"noopener\">Online Akademie Astrologie Petra D\u00f6rfert<\/a>, in der man im Rahmen einer 3-j\u00e4hrigen Ausbildung die Astrologie bis zur DAV-Pr\u00fcfungsreife erlernen kann.<\/p>\n<p>Medienauftritte bei No\u00e9 astro TV, Nordwestradio\/Radio Bremen, <a title=\"RTL\" href=\"http:\/\/www.youtube.com\/watch?v=zl-Nyu9Dx68\" target=\"_blank\" rel=\"noopener\">RTL<\/a>, <a title=\"Antonias Sterne\" href=\"http:\/\/www.youtube.com\/watch?v=F2sicu4Ibxk\" target=\"_blank\" rel=\"noopener\">Antonias Sterne<\/a>, <a href=\"https:\/\/www.youtube.com\/watch?v=7MRTbBGrqgI&amp;feature=youtu.be\" target=\"_blank\" rel=\"noopener\">Radio EINS.<\/a><\/p>\n<p>Eigene Kan\u00e4le auf Youtube (<a href=\"https:\/\/www.youtube.com\/@petradorfert5412\" target=\"_blank\" rel=\"noopener\">Petra D\u00f6rfert Astro<\/a>) und Spotify (<a href=\"https:\/\/open.spotify.com\/show\/47Fl6K3INAa5Ap2gWXnIZi\" target=\"_blank\" rel=\"noopener\">Petras Astro Welt<\/a>) mit regelm\u00e4\u00dfigen Beitr\u00e4gen.<\/p>\n<p style=\"text-align: center;\"><a href=\"https:\/\/www.astrologie-beratung-berlin.com\/wp-content\/uploads\/2013\/11\/Radix-Petra-D\u00f6rfert.jpg\"><img loading=\"lazy\" decoding=\"async\" class=\" wp-image-354 aligncenter\" style=\"border: 0px;\" src=\"https:\/\/www.astrologie-beratung-berlin.com\/wp-content\/uploads\/2013\/11\/Radix-Petra-D\u00f6rfert.jpg\" alt=\"Radix der Astrologin Petra D\u00f6rfert\" width=\"428\" height=\"421\" srcset=\"https:\/\/www.astrologie-beratung-berlin.com\/wp-content\/uploads\/2013\/11\/Radix-Petra-D\u00f6rfert.jpg 476w, https:\/\/www.astrologie-beratung-berlin.com\/wp-content\/uploads\/2013\/11\/Radix-Petra-D\u00f6rfert-300x294.jpg 300w, https:\/\/www.astrologie-beratung-berlin.com\/wp-content\/uploads\/2013\/11\/Radix-Petra-D\u00f6rfert-305x300.jpg 305w\" sizes=\"auto, (max-width: 428px) 100vw, 428px\" \/><\/a><em>3.10.1970, 12:05 Uhr, Stuttgart<\/em><\/p>\n<h2>\u00a0<\/h2>\n<h2>Ver\u00f6ffentlichungen<\/h2>\n<p><strong><br \/>Astro-Medizin:<\/strong><em><br \/><\/em><\/p>\n<p class=\"style-scope ytd-watch-metadata\">Interview <a href=\"https:\/\/www.youtube.com\/watch?v=FI65e67fzXs\" target=\"_blank\" rel=\"noopener\">&#8222;Astromedizin \u2013 Der Schatz der ganzheitlichen Betrachtung des Menschen<\/a>&#8220; auf dem Cosmic Healing Podcast von Pia Tietz<\/p>\n<p>Interview <a href=\"https:\/\/www.youtube.com\/watch?v=AttTS75K6iQ&amp;feature=youtu.be&amp;fbclid=IwAR27TQMrQOYFUlve3R6Eta5Pyj-DvivSG3AuKGHoJaAQ_ULIXiV23r1CqzU\" target=\"_blank\" rel=\"noopener\">&#8222;Tipps aus der Astromedizin. Unterst\u00fctzung in Krisenzeiten&#8220;<\/a> mit Antonia Langsdorf<\/p>\n<p>Interview <a href=\"https:\/\/www.youtube.com\/watch?v=eN5bbmZNe1Q&amp;feature=youtu.be&amp;fbclid=IwAR0EtyNZICCB3gCgcRBw2bM2HLTn7XOVZqSYijFMhYyQDKhl5xdnstRsHlw\" target=\"_blank\" rel=\"noopener\">&#8222;Tipps aus der Astromedizin. Die Mondkr\u00e4fte st\u00e4rken&#8220;<\/a> mit Antonia Langsdorf<\/p>\n<p><em>Bei welcher Mondphase soll man operieren?<\/em> (in: Astrokalender Sternenlichter 2021)<\/p>\n<p><em>Leber und Galle aus astromedizinischer Sicht <\/em>(in: Meridian 3\/2020; verf\u00fcgbar \u00fcber <a href=\"https:\/\/sternwerkstatt.de\/autor\/doerfert\/\" target=\"_blank\" rel=\"noopener\">Meridian digital<\/a>)<\/p>\n<p><em>Die Bestimmung von OP-Terminen <\/em>(in: Meridian 2\/2020, verf\u00fcgbar \u00fcber <a title=\"Meridian digital\" href=\"https:\/\/sternwerkstatt.de\/autor\/doerfert\/\" target=\"_blank\" rel=\"noopener\">Meridian digital<\/a>)<\/p>\n<p><em>Die Lunge aus astromedizinischer Sicht<\/em> (in: Meridian 6\/2019, verf\u00fcgbar \u00fcber <a title=\"Meridian digital\" href=\"https:\/\/sternwerkstatt.de\/autor\/doerfert\/\" target=\"_blank\" rel=\"noopener\">Meridian digital<\/a>)<\/p>\n<p><em>Die drei Dispositionen f\u00fcr Krankheit und Gesundheit &#8211; kardinal, fix, ver\u00e4nderlich <\/em>(in: Astrokalender Sternenlichter 2019)<\/p>\n<p><em>Wie bestimmt man einen OP-Termin? <\/em>(in: Astrokalender Sternenlichter 2019)<\/p>\n<p><em>Neptun und Sucht: Zweierlei Neptun<\/em> (in: Meridian 4\/2018, verf\u00fcgbar \u00fcber <a title=\"Meridian digital\" href=\"https:\/\/sternwerkstatt.de\/autor\/doerfert\/\" target=\"_blank\" rel=\"noopener\">Meridian digital<\/a>)<\/p>\n<p><em>Der Magen aus astromedizinischer Sicht<\/em> (in: Meridian 2\/2018, verf\u00fcgbar \u00fcber <a title=\"Meridian digital\" href=\"https:\/\/sternwerkstatt.de\/autor\/doerfert\/\" target=\"_blank\" rel=\"noopener\">Meridian digital<\/a>)<\/p>\n<p><a href=\"https:\/\/www.astrologie-beratung-berlin.com\/wp-content\/uploads\/2019\/08\/Die-Tierkreisachsen-K\u00f6rper-in-Balance.pdf\" target=\"_blank\" rel=\"noopener\"><em>K\u00f6rper in Balance &#8211; Die Tierkreisachsen aus astromedizinischer Sicht <\/em><\/a>(in: Astrokalender Sternenlichter 2018)<\/p>\n<p><a href=\"https:\/\/www.astrologie-beratung-berlin.com\/wp-content\/uploads\/2019\/08\/Das-6.-Haus-ist-das-Gesundheitshaus.pdf\" target=\"_blank\" rel=\"noopener\"><em>Das 6. Haus ist das Gesundheitshaus<\/em><\/a> (in: Astrokalender Sternenlichter 2016)<\/p>\n<p><a href=\"https:\/\/www.astrologenverband.de\/angebote\/dav-journal\/123-deutscher-astrologenverband\/dav-journal\/astrologie\/379-rheuma-aus-astromedizinischer-sicht\" target=\"_blank\" rel=\"noopener\"><em>Rheuma aus astromedizinischer Sicht.<\/em><\/a> Interview mit Petra D\u00f6rfert und Heide Trautmann anl\u00e4\u00dflich des Jahrestreffens der DAV-Sektion Medizin &amp; Astrologie 2014<em>.<\/em><\/p>\n<p><a href=\"https:\/\/astronova.de\/astromedizin-heute.html\" target=\"_blank\" rel=\"noopener\"><em>Astromedizin heute &#8211; Ans\u00e4tze und Perspektiven<\/em><\/a>, hrsg. von Birgit B\u00f6hmig und Petra D\u00f6rfert, T\u00fcbingen (astronova) 2009. Mit Beitr\u00e4gen von Birgit B\u00f6hmig, Olaf Koob, Christian Klee, Monika Heer und Petra D\u00f6rfert.<br \/>Beitr\u00e4ge\u00a0von Petra D\u00f6rfert:<\/p>\n<ul>\n<li><em>Transite als therapeutische Wegweiser<\/em><\/li>\n<li><em>Astromedizinische Zuordnungsprobleme<\/em><\/li>\n<\/ul>\n<p><a href=\"https:\/\/astronova.de\/astromedizin-heute-2.html\" target=\"_blank\" rel=\"noopener\"><em>Astromedizin heute 2 &#8211; Astrologie und Therapie<\/em><\/a>, hrsg. von Birgit B\u00f6hmig und Petra D\u00f6rfert, T\u00fcbingen (astronova) 2012. Mit Beitr\u00e4gen von Birgit B\u00f6hmig, Andreas Bunkahle, Petra D\u00f6rfert, Detlef Hover, Wolfhard K\u00f6nig und Wilfried Sch\u00fctz.<br \/>Beitr\u00e4ge\u00a0von Petra D\u00f6rfert:<\/p>\n<ul>\n<li><em>Die gro\u00dfen Volkskrankheiten im Spiegel der Astrologie <\/em>(verf\u00fcgbar \u00fcber <a title=\"Meridian digital\" href=\"https:\/\/sternwerkstatt.de\/autor\/doerfert\/\" target=\"_blank\" rel=\"noopener\">Meridian digital<\/a>).<em><br \/><\/em><\/li>\n<li><em>Impulse aus der TCM auf die Astromedizin.<\/em><\/li>\n<li><em>Die astrologische Kinderwunschberatung im Rahmen der naturheilkundlichen Behandlung<\/em><\/li>\n<\/ul>\n<p><a href=\"https:\/\/www.astrologie-beratung-berlin.com\/wp-content\/uploads\/2013\/11\/Astromedizinheute1.jpg\"><img loading=\"lazy\" decoding=\"async\" class=\"alignnone  wp-image-230\" style=\"margin-left: 0px; margin-right: 10px; border: 0px;\" src=\"https:\/\/www.astrologie-beratung-berlin.com\/wp-content\/uploads\/2013\/11\/Astromedizinheute1.jpg\" alt=\"Buchcover &quot;Astromedizin heute - Ans\u00e4tze und Perspektiven&quot; von Birgit B\u00f6hmig und Petra D\u00f6rfert, erschienen im astronova Verlag.\" width=\"180\" height=\"286\" \/><\/a>\u00a0\u00a0\u00a0\u00a0<a href=\"https:\/\/www.astrologie-beratung-berlin.com\/wp-content\/uploads\/2013\/11\/Astromedizinheute2.jpg\"><img loading=\"lazy\" decoding=\"async\" class=\"alignnone  wp-image-231\" style=\"border: 0px;\" src=\"https:\/\/www.astrologie-beratung-berlin.com\/wp-content\/uploads\/2013\/11\/Astromedizinheute2.jpg\" alt=\"Buchcover &quot;Astromedizin heute 2 - Astrologie und Therapie&quot; von Birgit B\u00f6hmig und Petra D\u00f6rfert, erschienen im astronova Verlag.\" width=\"180\" height=\"285\" \/><\/a><\/p>\n<p><strong>Partnerschaftsastrologie:\u00a0<\/strong><\/p>\n<p><a href=\"https:\/\/buchshop.bod.de\/wann-kommt-endlich-der-die-richtigeo-petra-doerfert-9783732232093\" target=\"_blank\" rel=\"noopener\"><em>Wann kommt endlich der \/ die Richtige?<\/em><\/a><br \/><em>Mehr Klarheit in Beziehungsfragen mit der Partnerschaftsastrologie<\/em><br \/>368 Seiten, BoD Norderstedt 2013<\/p>\n<p><a href=\"https:\/\/www.astrologie-beratung-berlin.com\/wp-content\/uploads\/2013\/11\/Wann-kommt-endlich-der-Richtige-Titelbild.jpg\"><img loading=\"lazy\" decoding=\"async\" class=\" wp-image-127 alignnone\" style=\"margin-left: 0px; margin-right: 10px; border: 0px;\" src=\"https:\/\/www.astrologie-beratung-berlin.com\/wp-content\/uploads\/2013\/11\/Wann-kommt-endlich-der-Richtige-Titelbild.jpg\" alt=\"Titelbild Cover Partnerschaftsastrologie Buch Wann kommt endlich der \/ die Richtige?\" width=\"255\" height=\"408\" srcset=\"https:\/\/www.astrologie-beratung-berlin.com\/wp-content\/uploads\/2013\/11\/Wann-kommt-endlich-der-Richtige-Titelbild.jpg 850w, https:\/\/www.astrologie-beratung-berlin.com\/wp-content\/uploads\/2013\/11\/Wann-kommt-endlich-der-Richtige-Titelbild-187x300.jpg 187w, https:\/\/www.astrologie-beratung-berlin.com\/wp-content\/uploads\/2013\/11\/Wann-kommt-endlich-der-Richtige-Titelbild-437x700.jpg 437w\" sizes=\"auto, (max-width: 255px) 100vw, 255px\" \/><\/a><\/p>\n<p>Lehr- und Arbeitsbuch zur Partnerschaftsastrologie mit ausf\u00fchrlichen Kapiteln zum &#8222;Paarverhalten&#8220; der 12 Tierkreiszeichen, zu den Partnersuchbildern, den schwierigen Beziehungsthemen im Horoskop, der Synastrie (Horoskopvergleich) und den Partnerschaftstransiten sowie einer k\u00fcrzeren Einf\u00fchrung in Composit und Combin (Paarhoroskope).<\/p>\n<p><strong><br \/>Astrologie allgemein:<\/strong><\/p>\n<p><em>Uranus dreht ab. Eine Glosse<\/em> (in: Meridian 5\/2025, verf\u00fcgbar \u00fcber <a href=\"https:\/\/sternwerkstatt.de\/artikel\/255-43\/\" target=\"_blank\" rel=\"noopener\">Meridian digital<\/a>)<\/p>\n<p><em>Neptun wird&#8217;s hei\u00df. Eine Glosse<\/em> (in: Meridian 3\/2025, verf\u00fcgbar \u00fcber <a href=\"https:\/\/sternwerkstatt.de\/artikel\/253-60\/\" target=\"_blank\" rel=\"noopener\">Meridian digital<\/a>)<\/p>\n<p><em>Saturn geht baden. Eine Glosse<\/em> (in: Meridian 3\/2023, verf\u00fcgbar \u00fcber <a title=\"Meridian digital\" href=\"https:\/\/sternwerkstatt.de\/autor\/doerfert\/\" target=\"_blank\" rel=\"noopener\">Meridian digital<\/a>)<\/p>\n<p><em>Das Wassermannzeitalter &#8211; Sch\u00f6ne neue Welt?<\/em> (in: Meridian 1\/2022, verf\u00fcgbar auch beim <a title=\"Schweizer Astrodienst\" href=\"https:\/\/www.astro.com\/astrologie\/mer_artikel2201_g.htm\" target=\"_blank\" rel=\"noopener\">Schweizer Astrodienst<\/a>)<\/p>\n<p><em>Wenn die Stunde schl\u00e4gt. \u00dcberlegungen zum Tod in der Astrologie<\/em> (in: Meridian 6\/2021, verf\u00fcgbar \u00fcber <a title=\"Meridian digital\" href=\"https:\/\/sternwerkstatt.de\/autor\/doerfert\/\" target=\"_blank\" rel=\"noopener\">Meridian digital<\/a>)<\/p>\n<p><em>Alles tropisch, siderisch oder was&#8230;?<\/em> (in: Meridian 2\/2021, verf\u00fcgbar \u00fcber <a title=\"Meridian digital\" href=\"https:\/\/sternwerkstatt.de\/autor\/doerfert\/\" target=\"_blank\" rel=\"noopener\">Meridian digital<\/a>)<\/p>\n<p><em>Saturn goes crazy. Eine Glosse<\/em> (in: Meridian 1\/2021, verf\u00fcgbar \u00fcber <a title=\"Meridian digital\" href=\"https:\/\/sternwerkstatt.de\/autor\/doerfert\/\" target=\"_blank\" rel=\"noopener\">Meridian digital<\/a>)<\/p>\n<p><em>Astrologisches Reframing<\/em> (in: Meridian 1\/2020, verf\u00fcgbar \u00fcber <a title=\"Meridian digital\" href=\"https:\/\/sternwerkstatt.de\/autor\/doerfert\/\" target=\"_blank\" rel=\"noopener\">Meridian digital<\/a>)<\/p>\n<p><em>Uranus unter Rindviechern. Eine Glosse <\/em>(in: Meridian 3\/2018, verf\u00fcgbar \u00fcber <a title=\"Meridian digital\" href=\"https:\/\/sternwerkstatt.de\/autor\/doerfert\/\" target=\"_blank\" rel=\"noopener\">Meridian digital<\/a>)<\/p>\n<p><em>Saturn kehrt heim. Eine Glosse<\/em> (in: Meridian 6\/2017, verf\u00fcgbar \u00fcber <a title=\"Meridian digital\" href=\"https:\/\/sternwerkstatt.de\/autor\/doerfert\/\" target=\"_blank\" rel=\"noopener\">Meridian digital<\/a>)<\/p>\n<p><a href=\"https:\/\/www.astrologie-beratung-berlin.com\/wp-content\/uploads\/2019\/08\/R\u00fcckl\u00e4ufiger-Merkur.pdf\" target=\"_blank\" rel=\"noopener\"><em>Warum ich bei r\u00fcckl\u00e4ufigem Merkur gern einkaufen gehe<\/em><\/a> (in: Astrokalender Sternenlichter 2014)<\/p>\n<p><em>Die Geschichte von Christel und Ali. Wassermann-Aszendent im Combin<\/em> (in: Astrokalender Sternenlichter 2013)<\/p>\n<p><a href=\"https:\/\/www.astrologie-beratung-berlin.com\/wp-content\/uploads\/2019\/08\/Das-9.-Haus-Vom-leidigen-Ding-mit-Theorie-und-Praxis.pdf\" target=\"_blank\" rel=\"noopener\"><em>Das 9. Haus oder: Vom leidigen Ding mit Theorie und Praxis<\/em><\/a> (in: Astrokalender Sternenlichter 2012)<\/p>\n<p><a href=\"https:\/\/www.astrologie-beratung-berlin.com\/wp-content\/uploads\/2019\/08\/Das-3.-Haus-wieso-weshalb-warum.pdf\" target=\"_blank\" rel=\"noopener\"><em>Das 3. Haus: Wieso, weshalb, warum?\u00a0 <\/em><\/a>(in: Astrokalender Sternenlichter 2010)<\/p>\n<p><em><a href=\"https:\/\/www.astrologie-beratung-berlin.com\/wp-content\/uploads\/2018\/05\/Saturn-in-5-Fr\u00f6hliches-Altern.pdf\" target=\"_blank\" rel=\"noopener\">Saturn in 5: Fr\u00f6hliches Altern<\/a><\/em>\u00a0(in: Astrokalender Sternenlichter 2009)<\/p>\n<p><em>Pluto wechselt in den Steinbock<\/em> (Erstver\u00f6ff. in Astro-Privat 1\/2008)<\/p>\n<p><a href=\"https:\/\/www.astrologie-beratung-berlin.com\/wp-content\/uploads\/2019\/08\/Das-12-.-Haus-Zwischen-Himmel-und-H\u00f6lle.pdf\" target=\"_blank\" rel=\"noopener\"><em>Das 12. Haus: Zwischen Him<\/em><em>mel und H\u00f6lle<\/em><\/a> (in: Astrokalender Sternenlichter 2008)<\/p>\n<p><em>Saturn wechselt in die Jungfrau<\/em> (Erstver\u00f6ff. in Astro-Privat 9\/2007)<\/p>\n<p><em><a href=\"https:\/\/www.astrologie-beratung-berlin.com\/wp-content\/uploads\/2018\/05\/Mond-in-11-Geborgenheit-an-zugigen-Orten.pdf\" target=\"_blank\" rel=\"noopener\">Mond in 11: Geborgenheit an zugigen Orten<\/a><\/em>\u00a0(in: Astrokalender Sternenlichter 2007)<\/p>\n<p><em>Wie verreist ein Widder? Astrologischer Urlaubsratgeber f\u00fcr die 12 Tierkreiszeichen<\/em> (Erstver\u00f6ff. in Astro-Privat 8\/2007<em>)<\/em><\/p>\n<p><em>Besuch von&#8230;<\/em> Artikelreihe \u00fcber die Transite von Jupiter, Saturn, Uranus, Neptun und Pluto (Erstver\u00f6ff. in Astro-Privat<br \/>3-7\/2007, jetzt in: DAV Online-Journal):<br \/>&#8211; <a title=\"Besuch von... Jupiter: Gl\u00fccksbringer oder Schaumschl\u00e4ger?\" href=\"https:\/\/www.astrologenverband.de\/jupiter-gluecksbringer-oder-schaumschlaeger\/\" target=\"_blank\" rel=\"noopener\"><em>Besuch von &#8230; Jupiter: Gl\u00fccksbringer oder Schaumschl\u00e4ger?<\/em><\/a><br \/>&#8211; <a title=\"Besuch von... Saturn: Oh Schreck, der Betriebspr\u00fcfer kommt!\" href=\"https:\/\/www.astrologenverband.de\/schreck-der-betriebspruefer-kommt\/\" target=\"_blank\" rel=\"noopener\"><em>Besuch von &#8230; Saturn: Oh Schreck, der Betriebspr\u00fcfer kommt!<\/em><\/a><br \/>&#8211; <a href=\"https:\/\/www.astrologenverband.de\/uranus-vom-knalleffet-und-anderen-ueberraschungen\/\" target=\"_blank\" rel=\"noopener\"><em>Besuch von &#8230; Uranus: Vom Knalleffekt und anderen \u00dcberraschungen<\/em><\/a><br \/>&#8211; <a href=\"https:\/\/www.astrologenverband.de\/die-begegnung-mit-dem-unsichtbaren\/\" target=\"_blank\" rel=\"noopener\"><em>Besuch von &#8230; Neptun: Die Begegnung mit dem Unsichtbaren<\/em><\/a><br \/>&#8211; <a href=\"https:\/\/www.astrologenverband.de\/wenn-nichts-bleibt-wie-es-war\/\" target=\"_blank\" rel=\"noopener\"><em>Besuch von &#8230; Pluto: Wenn nichts bleibt, wie es war<\/em><\/a><\/p>\n<p><em>Die Pluto-Generationen &#8211; Kollektivzwang und Ges<\/em><em>ellschaftskrisen<\/em> (in: Meridian 1\/2006, verf\u00fcgbar \u00fcber <a title=\"Meridian digital\" href=\"https:\/\/sternwerkstatt.de\/autor\/doerfert\/\" target=\"_blank\" rel=\"noopener\">Meridian digital<\/a>)<\/p>\n<p><em>Seri\u00f6se Astrologie &#8211; es gibt sie!<\/em> (Erstver\u00f6ff. in Megawelle 7\/2006)<\/p>\n<p><strong><br \/>Astro-Portraits:<\/strong><\/p>\n<p><em>Der Astrologe und Frauenm\u00f6rder Arwed Imiela &#8211; Keine Zier unseres Standes<\/em> (in: Meridian 6\/2009, verf\u00fcgbar \u00fcber <a title=\"Meridian digital\" href=\"https:\/\/sternwerkstatt.de\/autor\/doerfert\/\" target=\"_blank\" rel=\"noopener\">Meridian digital<\/a>)<\/p>\n<p><em>Pier Paolo Pasolini &#8211; Astroportrait<\/em> (in: Meridian 4\/2004 und 5\/2004, verf\u00fcgbar \u00fcber <a title=\"Meridian digital\" href=\"https:\/\/sternwerkstatt.de\/autor\/doerfert\/\" target=\"_blank\" rel=\"noopener\">Meridian digital<\/a>)<\/p>\n<p><em>Ludwig II. Wie ein Mythos entsteht<\/em> (in: Meridian 5\/2003 und 6\/2003)<\/p>\n<p><a href=\"http:\/\/sternwelten.net\/bereiche-astrologie\/crime-und-astro\/425-marie-trintignant-bertrand-cantat.html\" target=\"_blank\" rel=\"noopener\"><em>Der Mordfall Marie Trintignant und Bertrand Cantat<\/em> <\/a>(auf: Sternwelten)<\/p>\n<p><strong><br \/><\/strong><strong>Hom\u00f6opathie (<a href=\"https:\/\/www.astrologie-und-hom\u00f6opathie.de\/?page_id=1263\" target=\"_blank\" rel=\"noopener\">M\u00e9lanie Hahnemann Projekt<\/a>):<\/strong><\/p>\n<p><a href=\"https:\/\/www.thieme-connect.com\/products\/ejournals\/abstract\/10.1055\/s-0033-1357635\" target=\"_blank\" rel=\"noopener\"><em>Hahnemanns Begr\u00e4bnisst\u00e4tten <\/em><\/a><em>in Paris<\/em> (in: ZKH &#8211; Zeitschrift f\u00fcr klassische Hom\u00f6opathie, 58. Jg., 2\/2014)<\/p>\n<p><a href=\"https:\/\/buchshop.bod.de\/melanie-hahnemann-dhervilly-petra-doerfert-9783759733382\" target=\"_blank\" rel=\"noopener\"><em>M\u00e9lanie Hahnemann d&#8217;Hervilly. Die erste Hom\u00f6opathin<\/em><\/a>, 828 Seiten (mit 73 Abb. und 5 Stammb\u00e4umen), BoD Norderstedt 2024.<\/p>\n\n\n<figure class=\"wp-block-image size-full is-resized\"><img loading=\"lazy\" decoding=\"async\" width=\"381\" height=\"499\" src=\"https:\/\/www.astrologie-beratung-berlin.com\/wp-content\/uploads\/2024\/09\/Melanie_Hahnemann_dHervilly.jpg\" alt=\"\" class=\"wp-image-2876\" style=\"width:306px;height:auto\" srcset=\"https:\/\/www.astrologie-beratung-berlin.com\/wp-content\/uploads\/2024\/09\/Melanie_Hahnemann_dHervilly.jpg 381w, https:\/\/www.astrologie-beratung-berlin.com\/wp-content\/uploads\/2024\/09\/Melanie_Hahnemann_dHervilly-229x300.jpg 229w\" sizes=\"auto, (max-width: 381px) 100vw, 381px\" \/><\/figure>\n","protected":false},"excerpt":{"rendered":"<p>Petra D\u00f6rfert M.A.Gepr\u00fcfte Astrologin des Deutschen Astrologenverbands &#8211; Heilpraktikerin Petra Martina D\u00f6rfert, geb. am 3.10.1970 um 12:05 Uhr in Stuttgart\u00a0&#8211; Waage-Sonne mit Sch\u00fctze-Aszendent. Studium der Germanistik und Kunstgeschichte in Stuttgart und Berlin (Magister Artium).Seit 1992 Besch\u00e4ftigung mit der Astrologie.Nach Astro-Intensiv-Ausbildung &hellip; <a href=\"https:\/\/www.astrologie-beratung-berlin.com\/?page_id=67\">Weiterlesen <span class=\"meta-nav\">&rarr;<\/span><\/a><\/p>\n","protected":false},"author":2,"featured_media":0,"parent":0,"menu_order":7,"comment_status":"closed","ping_status":"open","template":"","meta":{"footnotes":""},"class_list":["post-67","page","type-page","status-publish","hentry"],"aioseo_notices":[],"_links":{"self":[{"href":"https:\/\/www.astrologie-beratung-berlin.com\/index.php?rest_route=\/wp\/v2\/pages\/67","targetHints":{"allow":["GET"]}}],"collection":[{"href":"https:\/\/www.astrologie-beratung-berlin.com\/index.php?rest_route=\/wp\/v2\/pages"}],"about":[{"href":"https:\/\/www.astrologie-beratung-berlin.com\/index.php?rest_route=\/wp\/v2\/types\/page"}],"author":[{"embeddable":true,"href":"https:\/\/www.astrologie-beratung-berlin.com\/index.php?rest_route=\/wp\/v2\/users\/2"}],"replies":[{"embeddable":true,"href":"https:\/\/www.astrologie-beratung-berlin.com\/index.php?rest_route=%2Fwp%2Fv2%2Fcomments&post=67"}],"version-history":[{"count":200,"href":"https:\/\/www.astrologie-beratung-berlin.com\/index.php?rest_route=\/wp\/v2\/pages\/67\/revisions"}],"predecessor-version":[{"id":3046,"href":"https:\/\/www.astrologie-beratung-berlin.com\/index.php?rest_route=\/wp\/v2\/pages\/67\/revisions\/3046"}],"wp:attachment":[{"href":"https:\/\/www.astrologie-beratung-berlin.com\/index.php?rest_route=%2Fwp%2Fv2%2Fmedia&parent=67"}],"curies":[{"name":"wp","href":"https:\/\/api.w.org\/{rel}","templated":true}]}}