{"id":75,"date":"2013-10-31T16:36:58","date_gmt":"2013-10-31T14:36:58","guid":{"rendered":"http:\/\/www.2013-neu.astro-doerfert.de\/?page_id=75"},"modified":"2025-10-30T20:57:42","modified_gmt":"2025-10-30T18:57:42","slug":"ort","status":"publish","type":"page","link":"https:\/\/www.astrologie-beratung-berlin.com\/?page_id=75","title":{"rendered":"Beratungsthemen"},"content":{"rendered":"<ul>\n<li>Pers\u00f6nlichkeitsanalyse<\/li>\n<li>Liebe und Partnerschaft<\/li>\n<li>Familienthemen<\/li>\n<li>Beruf und Berufung<\/li>\n<li>Finanzen<\/li>\n<li>Umzug \/ Wohnort \/ Auswanderung<\/li>\n<li>Spirituelle Lebensaufgabe<\/li>\n<li>Psychosomatische Krankheitsursachen, Astromedizin &amp; Hom\u00f6opathie<\/li>\n<li>Kinderwunschberatung<\/li>\n<li>Aktuelle Trends \/ Jahresthemen<\/li>\n<li>Terminwahl (Operationen, Hochzeitstermine, Gesch\u00e4ftsgr\u00fcndungen)<\/li>\n<li>Tierhoroskope<\/li>\n<\/ul>\n<h2 class=\"wp-block-heading\">Wie l\u00e4uft eine astrologische Beratung ab?<\/h2>\n<p>In einem unverbindlichen telefonischen Vorgespr\u00e4ch schildern Sie mir Ihr Anliegen. Wenn Sie sich f\u00fcr die Beratung entscheiden, nehme ich Ihre Daten auf und wir vereinbaren einen Beratungstermin. Das Beratungsgespr\u00e4ch kann \u2013 gem\u00e4\u00df Ihrem Anliegen \u2013 mehr im Sinne eines Informationsgespr\u00e4chs verlaufen (ich erl\u00e4utere Ihnen, was ich im Horoskop sehe) oder eher therapeutischen Charakter annehmen. Astrologische Vorkenntnisse sind nicht erforderlich. Wichtig ist jedoch, dass Sie die Bereitschaft mitbringen, \u00fcber sich selbst nachzudenken und Ihr Leben aktiv in die Hand zu nehmen. Astrologie f\u00f6rdert in erster Linie Selbsterkenntnis und gibt Entscheidungshilfen, ohne Ihnen Entscheidungen abzunehmen. Prognosen k\u00f6nnen die Trends der n\u00e4chsten ein bis zwei Jahre aufzeigen (z.B. \u201eWann w\u00e4re es in den n\u00e4chsten zwei Jahren f\u00fcr einen Umzug\/Hauskauf g\u00fcnstig?\u201c) und helfen so, den kosmischen R\u00fcckenwind optimal zu nutzen. Psychische Themen k\u00f6nnen auf Wunsch hom\u00f6opathisch unterst\u00fctzt werden, und auch bei k\u00f6rperlichen Erkrankungen schlie\u00dft sich eine hom\u00f6opathische Beratung oft sinnvoll an die astrologische Beratung an (siehe <a title=\"Hom\u00f6opathie\" href=\"https:\/\/www.astrologie-beratung-berlin.com\/?page_id=85\" target=\"_blank\" rel=\"noopener\">Hom\u00f6opathie<\/a>). Das Beratungsgespr\u00e4ch wird auf Wunsch aufgezeichnet, so dass Sie sich die Beratung sp\u00e4ter noch einmal anh\u00f6ren k\u00f6nnen.<\/p>\n<div class=\"wp-block-image\"><\/div>\n","protected":false},"excerpt":{"rendered":"<p>Pers\u00f6nlichkeitsanalyse Liebe und Partnerschaft Familienthemen Beruf und Berufung Finanzen Umzug \/ Wohnort \/ Auswanderung Spirituelle Lebensaufgabe Psychosomatische Krankheitsursachen, Astromedizin &amp; Hom\u00f6opathie Kinderwunschberatung Aktuelle Trends \/ Jahresthemen Terminwahl (Operationen, Hochzeitstermine, Gesch\u00e4ftsgr\u00fcndungen) Tierhoroskope Wie l\u00e4uft eine astrologische Beratung ab? In einem unverbindlichen &hellip; <a href=\"https:\/\/www.astrologie-beratung-berlin.com\/?page_id=75\">Weiterlesen <span class=\"meta-nav\">&rarr;<\/span><\/a><\/p>\n","protected":false},"author":2,"featured_media":0,"parent":79,"menu_order":1,"comment_status":"closed","ping_status":"open","template":"","meta":{"footnotes":""},"class_list":["post-75","page","type-page","status-publish","hentry"],"aioseo_notices":[],"_links":{"self":[{"href":"https:\/\/www.astrologie-beratung-berlin.com\/index.php?rest_route=\/wp\/v2\/pages\/75","targetHints":{"allow":["GET"]}}],"collection":[{"href":"https:\/\/www.astrologie-beratung-berlin.com\/index.php?rest_route=\/wp\/v2\/pages"}],"about":[{"href":"https:\/\/www.astrologie-beratung-berlin.com\/index.php?rest_route=\/wp\/v2\/types\/page"}],"author":[{"embeddable":true,"href":"https:\/\/www.astrologie-beratung-berlin.com\/index.php?rest_route=\/wp\/v2\/users\/2"}],"replies":[{"embeddable":true,"href":"https:\/\/www.astrologie-beratung-berlin.com\/index.php?rest_route=%2Fwp%2Fv2%2Fcomments&post=75"}],"version-history":[{"count":60,"href":"https:\/\/www.astrologie-beratung-berlin.com\/index.php?rest_route=\/wp\/v2\/pages\/75\/revisions"}],"predecessor-version":[{"id":3019,"href":"https:\/\/www.astrologie-beratung-berlin.com\/index.php?rest_route=\/wp\/v2\/pages\/75\/revisions\/3019"}],"up":[{"embeddable":true,"href":"https:\/\/www.astrologie-beratung-berlin.com\/index.php?rest_route=\/wp\/v2\/pages\/79"}],"wp:attachment":[{"href":"https:\/\/www.astrologie-beratung-berlin.com\/index.php?rest_route=%2Fwp%2Fv2%2Fmedia&parent=75"}],"curies":[{"name":"wp","href":"https:\/\/api.w.org\/{rel}","templated":true}]}}