{"id":83,"date":"2013-10-31T16:42:16","date_gmt":"2013-10-31T14:42:16","guid":{"rendered":"http:\/\/www.2013-neu.astro-doerfert.de\/?page_id=83"},"modified":"2026-01-10T21:27:30","modified_gmt":"2026-01-10T19:27:30","slug":"seminare","status":"publish","type":"page","link":"https:\/\/www.astrologie-beratung-berlin.com\/?page_id=83","title":{"rendered":"Astro-Kurse"},"content":{"rendered":"\n<p><strong>Einj\u00e4hrige<\/strong> <strong><span style=\"color: #c912de;\">Online-Grundausbildung Astrologie: Das Horoskop verstehen<\/span><\/strong> (Start: <strong><span style=\"color: #c912de;\">13. Januar 2026<\/span><\/strong>, 31 Abende bis Dezember, jeweils dienstags 19:30 &#8211; 21:30 Uhr). <br>Status: <strong><span style=\"color: #3366ff;\">Ausgebucht &#8211; nur noch Warteliste<\/span><\/strong> <br><em>Der Kurs bietet eine umfassende Einf\u00fchrung in die Radixdeutung.<\/em><br>Ausf\u00fchrliche Informationen finden Sie hier: <br><a href=\"https:\/\/online-akademie-astrologie.com\/grundausbildung-2\/\" target=\"_blank\" rel=\"noopener\" title=\"\">Online-Grundausbildung Astrologie<\/a><br>Bei Interesse maile ich Ihnen gerne das Anmeldeformular.<\/p>\n\n\n\n<p><strong>Online-Aufbaukurs <span style=\"color: #c912de;\">Partnerschaftsastrologie<\/span><\/strong> (Start: <strong><span style=\"color: #c912de;\">2. M\u00e4rz 2026<\/span><\/strong>, 15 Abende bis Dezember 2026, jeweils montags 19:30 &#8211; 21:30 Uhr). <br>Status: <strong><span style=\"color: #3366ff;\">Anmeldung m\u00f6glich<\/span><\/strong> <br><em>Der Kurs f\u00fchrt u.a. in die drei wichtigsten Techniken der Partnerastrologie ein (Synastrie, Composit und Combin).<\/em><br>Ausf\u00fchrliche Informationen finden Sie hier: <br><a href=\"https:\/\/online-akademie-astrologie.com\/aufbaukurse\/partnerschaftsastrologie\/\" target=\"_blank\" rel=\"noopener\" title=\"\">Online-Aufbaukurs Partnerschaftsastrologie<\/a><br>Bei Interesse maile ich Ihnen gerne das Anmeldeformular.<\/p>\n\n\n\n<p><strong>Online-Ausbildung <span style=\"color: #c912de;\">Astromedizin<\/span><\/strong> (Start: <strong><span style=\"color: #c912de;\">2. September 2026<\/span><\/strong>, 21 Abende, jeweils mittwochs 19:30 &#8211; 21:30 Uhr). <br>Status: <strong><span style=\"color: #ff0000;\"><strong><span style=\"color: #3366ff;\">Anmeldung m\u00f6glich<\/span><\/strong><\/span><\/strong><br><em>Umfassende Einf\u00fchrung in die Astromedizin (u.a. k\u00f6rperliche und psychische Erkrankungen aus astromedizinischer Sicht, OP-Termin-Bestimmung, Kinderwunschberatung).<\/em><br>Ausf\u00fchrliche Informationen finden Sie hier: <br><a href=\"https:\/\/online-akademie-astrologie.com\/astromedizin\/\" target=\"_blank\" rel=\"noopener\" title=\"\">Online-Ausbildung Astromedizin in 21 Abenden<\/a><br>Bei Interesse maile ich Ihnen gerne das Anmeldeformular.<\/p>\n\n\n\n<p><strong>Online Aufbaukurs<\/strong> <strong><span style=\"color: #c912de;\">Beratertraining<\/span><\/strong> (Start: <strong><span style=\"color: #c912de;\">12.\/13. September 2026<\/span><\/strong>, 4 Wochenenden, Sa 14:00 &#8211; 18:00 Uhr, So 11:00 &#8211; 15:00 Uhr, plus eine Einzelsupervision).<br>Status: <strong><span style=\"color: #3366ff;\">Anmeldung m\u00f6glich<\/span><\/strong><br><em>Der Kurs richtet sich an alle, die professionelle Astro-Beratungen anbieten m\u00f6chten. <\/em><br>Ausf\u00fchrliche Informationen finden Sie hier: <br><a href=\"https:\/\/online-akademie-astrologie.com\/aufbaukurse\/berater-training\/\" target=\"_blank\" rel=\"noopener\" title=\"\">Online-Aufbaukurs Astrologie Beratertraining<\/a><br>Bei Interesse maile ich Ihnen gerne das Anmeldeformular.<\/p>\n\n\n\n<p><strong>Online-Aufbaukurs <span style=\"color: #c912de;\">Astrologische Prognosetechniken<\/span><\/strong> (Start: <strong><span style=\"color: #c912de;\">8. M\u00e4rz 2027<\/span><\/strong>, 15 Abende, jeweils montags 19:30 &#8211; 21:30 Uhr).<br>Status: <strong><span style=\"color: #3366ff;\">Bislang nur Reservierungen m\u00f6glich<\/span><\/strong><br><em>Der Kurs vermittelt die wichtigsten astrologischen Prognosetechniken (Transite, Sonnenbogendirektion, Sekund\u00e4rprogression, Solar).<\/em><br>Ausf\u00fchrliche Informationen finden Sie hier: <br><a href=\"https:\/\/online-akademie-astrologie.com\/aufbaukurse\/prognose\/\" target=\"_blank\" rel=\"noopener\" title=\"\">Online-Aufbaukurs Prognosetechniken<\/a><\/p>\n\n\n\n<h2 class=\"wp-block-heading\"><br>Supervision <\/h2>\n\n\n\n<p>Gerne k\u00f6nnen Sie von mir eine einreichungsf\u00e4hige Supervision zum DAV-Pr\u00fcfungsteil <em>Beratungskompetenz<\/em> erhalten. Der Gesamtpreis betr\u00e4gt 150\u20ac (Sie \u00fcbersenden mir ein einst\u00fcndiges Beratungsgespr\u00e4ch, das ich vollst\u00e4ndig abh\u00f6re und zu dem Sie pers\u00f6nlich oder per Zoom ein Feedbackgespr\u00e4ch erhalten).<\/p>\n\n\n\n<p><\/p>\n","protected":false},"excerpt":{"rendered":"<p>Einj\u00e4hrige Online-Grundausbildung Astrologie: Das Horoskop verstehen (Start: 13. Januar 2026, 31 Abende bis Dezember, jeweils dienstags 19:30 &#8211; 21:30 Uhr). Status: Ausgebucht &#8211; nur noch Warteliste Der Kurs bietet eine umfassende Einf\u00fchrung in die Radixdeutung.Ausf\u00fchrliche Informationen finden Sie hier: Online-Grundausbildung &hellip; <a href=\"https:\/\/www.astrologie-beratung-berlin.com\/?page_id=83\">Weiterlesen <span class=\"meta-nav\">&rarr;<\/span><\/a><\/p>\n","protected":false},"author":2,"featured_media":0,"parent":0,"menu_order":5,"comment_status":"closed","ping_status":"open","template":"","meta":{"footnotes":""},"class_list":["post-83","page","type-page","status-publish","hentry"],"aioseo_notices":[],"_links":{"self":[{"href":"https:\/\/www.astrologie-beratung-berlin.com\/index.php?rest_route=\/wp\/v2\/pages\/83","targetHints":{"allow":["GET"]}}],"collection":[{"href":"https:\/\/www.astrologie-beratung-berlin.com\/index.php?rest_route=\/wp\/v2\/pages"}],"about":[{"href":"https:\/\/www.astrologie-beratung-berlin.com\/index.php?rest_route=\/wp\/v2\/types\/page"}],"author":[{"embeddable":true,"href":"https:\/\/www.astrologie-beratung-berlin.com\/index.php?rest_route=\/wp\/v2\/users\/2"}],"replies":[{"embeddable":true,"href":"https:\/\/www.astrologie-beratung-berlin.com\/index.php?rest_route=%2Fwp%2Fv2%2Fcomments&post=83"}],"version-history":[{"count":435,"href":"https:\/\/www.astrologie-beratung-berlin.com\/index.php?rest_route=\/wp\/v2\/pages\/83\/revisions"}],"predecessor-version":[{"id":3052,"href":"https:\/\/www.astrologie-beratung-berlin.com\/index.php?rest_route=\/wp\/v2\/pages\/83\/revisions\/3052"}],"wp:attachment":[{"href":"https:\/\/www.astrologie-beratung-berlin.com\/index.php?rest_route=%2Fwp%2Fv2%2Fmedia&parent=83"}],"curies":[{"name":"wp","href":"https:\/\/api.w.org\/{rel}","templated":true}]}}